Let q(x) = -16*x + 25. Let d(n) = 3*n + 2 + 1 - 8. Suppose -10 = -5*k + 3*v, -3*k + 3*v = -v - 6. Let w(l) = k*q(l) + 11*d(l). Determine w(5).
0
Let l(b) be the third derivative of b**4/24 - 5*b**3/6 - 27*b**2. Let s be (0*(2 - 1))/2. What is l(s)?
-5
Let u(g) = -10*g + 9*g + 1 + 2*g. Calculate u(-4).
-3
Let w = -4 + 2. Let y(m) be the second derivative of -m**3/3 + m**2 + 3*m. Give y(w).
6
Let w = -12 + 15. Let d(v) be the second derivative of v**3/2 - v**2 - v. Determine d(w).
7
Let g(r) = 3*r**2 + 4 - 5 + 6*r - 2*r**2 + 3. Give g(-4).
-6
Suppose 0*n + q = n - 1, -n + 3 = q. Suppose 0*i - 12 = -n*i. Let s(f) = -i + 6 + 8*f. What is s(1)?
8
Let r(f) = 6*f**2 - f - 1. Suppose 3*b - 1 = 4*s - 19, 0 = -3*b + 6. Suppose s = p + 7. What is r(p)?
6
Let i(x) = x**3 + 5 - 6*x**2 + x + 0*x**3 - 2*x. Let h be i(6). Let p(y) = -1. Let j(o) = -4*o + 5. Let u(r) = h*j(r) - 2*p(r). Determine u(2).
5
Let m(z) = -8*z**2 + 1. Let o(v) = v. Let t be o(-7). Let w = -6 - t. Give m(w).
-7
Let h(w) = w**2 - 3*w - 3. Let u be h(4). Let b be (-1)/((-6)/9)*2. Let o(i) = b*i - 3*i + i - 1 + 5*i**3. Determine o(u).
5
Let o(p) = p**3 + p**2 - 2*p - 3. Suppose -3*a - a + 8 = 0. Let f be (-6 + -1)*-1 + -1. Let c be (-16)/f + a/3. What is o(c)?
-3
Let r(c) = -7*c**2 - c + 1. Let p be -4 - (-3 - -1) - -12. Let q = 11 - p. Determine r(q).
-7
Let r(p) = -2 - 3*p**2 - p**3 + 5*p**3 - 3*p**3. What is r(3)?
-2
Let x(q) be the first derivative of -q**4/4 + 2*q**3 - q**2 - q + 30. Calculate x(4).
23
Suppose -2*c - 8 = -4*z - 0, 4*c + 4*z + 28 = 0. Let v be ((-4)/c)/(3/18). Let f(n) = 3*n - 3. Determine f(v).
9
Suppose -5*w + 62 = -78. Suppose 4*m - i - w = -12, 2*m = i + 8. Suppose m = d + 3*d. Let t(f) = -f**2 - f. Determine t(d).
-2
Let h(l) = 5 - l**2 - 6 + 3*l + 9 + 0*l**2. Determine h(6).
-10
Let z(j) = j**3 - 11*j**2 - 7*j - 4. Let f(m) = m**3 - 12*m**2 - 7*m - 4. Let y(v) = 5*f(v) - 6*z(v). Let x be (-58)/(-8) - (-3)/(-12). What is y(x)?
4
Let v(g) be the third derivative of -g**6/120 - g**5/20 - g**4/6 - g**3/3 - 56*g**2. Suppose 0 = -2*m - 0*m - 4*j - 20, 3*m = 4*j + 10. Determine v(m).
2
Let r(s) = 2*s**2 - s. Suppose -2*h = -5*f - 20, 2*h = -5 + 15. Let j be (0 - -1) + 6/f. What is r(j)?
10
Let z(u) = -2*u. Let i(d) = -3*d - 1. Let w(m) = -5*i(m) + 6*z(m). Determine w(-4).
-7
Let i be ((-6)/9)/((-2)/15). Let a(t) = -2*t + 5 - 4 + 7*t - 6*t. Give a(i).
-4
Let w be 2/(-5) - 24/(-10). Suppose 2*a + 2*h - h = -14, a + w*h = -13. Let x(k) = k + 7. Determine x(a).
2
Let n(w) = -w**3 + 5*w**2 + 8*w - 3. Let j be (-30)/(-9)*(-27)/(-15). Give n(j).
9
Let i(r) = 3*r**2 + r**2 + 2*r - 2*r**2 - 4. Suppose 0 = -0*y + 2*y. Suppose y*b - 5*b = 15. Give i(b).
8
Let p = -72 + 73. Let v(c) = 5*c**2 + c - 1. Give v(p).
5
Let m(k) be the second derivative of -k**4/6 + 40*k. Suppose -6 = 2*r - x, 3*r - 5*x - 1 = -24. What is m(r)?
-2
Let s(c) be the first derivative of -c**3/3 - 8. Let m(n) = n**2 + 3*n + 4. Let x(v) = m(v) + 2*s(v). Determine x(3).
4
Let a(s) = -7*s - 1. Let w = 52 - 51. Calculate a(w).
-8
Let k(n) = 4*n - 4. Suppose -5 - 13 = u. Let q be u/8 - (-5)/20. Let w = q + 5. What is k(w)?
8
Let d(v) = -4*v**2 + 44*v + 6. Let i(p) = p**2 - 9*p - 1. Let g(h) = -3*d(h) - 14*i(h). Let b(s) = -s**3 - 3*s**2 + 6*s + 4. Let z be b(-4). Give g(z).
-12
Suppose 24 + 6 = 5*k. Let n(j) = j**3 - 5*j**2 - 6*j + 1. Determine n(k).
1
Let o(s) = -2*s - 2. Let k(w) = w + 1. Let l(q) = 5*k(q) + o(q). Calculate l(-3).
-6
Suppose -3*u + 2*b = 0, -5*b = 1 + 14. Let d = u - -6. Let i(x) = -1 + 0 + x - d. Determine i(0).
-5
Let j(v) = v - 2*v + 1 + 4. Let w be j(4). Let s = w + -1. Let c(m) = m**3 + m**2 + 2. Calculate c(s).
2
Suppose 5*z - 13 - 17 = -5*y, -3*y - 6 = -3*z. Suppose 4 = 2*l, 3 + 2 = p + y*l. Let f(n) be the third derivative of -n**5/60 + n**4/12 + n**2. Give f(p).
1
Let d = 1 + 1. Let f(c) = 5 + 1 - 8 + 0 - c**d + c**3. What is f(2)?
2
Let k(q) be the first derivative of -q**4/4 + 2*q**3 + 9*q**2/2 - 4*q + 5. What is k(7)?
10
Let f = -198 - -4757/24. Let b(t) be the third derivative of 0*t + 0 - 1/6*t**3 + 3*t**2 + f*t**4. What is b(-2)?
-11
Let r(c) = 5*c - 7. Let l(w) = 2*w - 3. Let a(p) = 7*l(p) - 3*r(p). Let n be (-33)/(-6) + 1/2. Give a(n).
-6
Let l(t) = -t**2 - t + 10. Let a be (-3 - (-3 - -2))/(-1). Suppose o + 8 = a*v, 0*o - 12 = 5*o - 3*v. Calculate l(o).
10
Suppose -2*t - 5 = 7. Let w(u) = -u**2 - 6*u + 2. Calculate w(t).
2
Let l(y) = y**2 - y. Let b(v) = 5*v**2 + 3*v - 11. Let u(i) = b(i) - 4*l(i). Calculate u(-8).
-3
Let q(m) = -m + 8. Let r be ((-3)/5)/((-4)/20). Suppose -r*h = 2*h - 10. Let a be (-2 + h)/(1/1). What is q(a)?
8
Let c(s) = s**2 + 2*s - 2. Let t(h) = -h**3 - 5*h**2 - 4*h + 3. Let f be t(-3). Let i(z) = -z - 7. Let b be i(-5). Let r be (3/b)/(f/(-6)). Calculate c(r).
1
Let q(n) = -6*n**2 - 6*n - 5. Let u(j) = 7*j**2 + 7*j + 6. Let i(w) = -5*q(w) - 4*u(w). Let c(m) = m**3 + 2*m**2 - 1. Let z be c(-2). Give i(z).
1
Let r(v) = -v**3 + 4*v**2 + 2*v + 1. Suppose 0 = -u + 6*u + 2*c + 70, 2*u + 22 = -2*c. Let y be 2/(-2*4/u). Calculate r(y).
9
Suppose -12 = -d - 2*d. Let s(i) = -d*i + 2*i - 3*i + 1. Let a(c) = -c**3 + c + 2. Let n be a(0). Calculate s(n).
-9
Suppose 15 = 2*i - 21. Let w(z) = 24*z. Let f(n) = 7*n. Let h(s) = i*f(s) - 5*w(s). Determine h(-1).
-6
Let w(q) = 6*q - 3. Let y be 69/(-21) - 18/(-63). What is w(y)?
-21
Let v(u) be the second derivative of u**4/12 - u**3/2 - 5*u**2/2 + u. Let h = 148 - 144. Give v(h).
-1
Let l(s) = -3*s + 3. Let v be l(3). Let x = v - -4. Let r(u) = -u**3 + 6*u**2 + u - 2. Let h(o) = o**3 - o**2 + o + 1. Let m(d) = 2*h(d) + r(d). Determine m(x).
2
Suppose -4*o = -3*j - j, j + o = 8. Let d(y) = 3*y - 7. Let m be d(j). Let v(x) = x**3 - 6*x**2 + 5*x - 2. What is v(m)?
-2
Let w = -7 - -13. Suppose 4*o - w = 14. Suppose -y = 4*h - 1, -o*h + 3 = 4*y - 1. Let m(g) = -g**2 - g + 7. Calculate m(h).
7
Let m(d) be the first derivative of 4*d**3/3 - d**2/2 - d - 7. What is m(-1)?
4
Let n(r) be the first derivative of r**5/20 + r**4/6 + 3*r**2/2 + 7*r - 5. Let u(z) be the first derivative of n(z). What is u(-3)?
-6
Let g(c) = -4*c + 2. Let l(y) = 5*y - 2. Let a(i) = 6*g(i) + 5*l(i). Calculate a(2).
4
Suppose 0*m = 5*m + 4*y + 16, 16 = 2*m - 4*y. Suppose m = -5*h + 10. Suppose 4*k = -4*n + k - 4, -n - h*k + 4 = 0. Let x(p) = -p**2 - 4*p - 5. Give x(n).
-5
Let h(x) = x. Let f(b) = 4*b - 3 - b + 3 + 1. Let c(p) = -f(p) + 4*h(p). Calculate c(-5).
-6
Let u(w) be the first derivative of w**6/120 + w**5/60 - w**4/24 - w**3/2 + w**2 - 3. Let x(q) be the second derivative of u(q). Give x(0).
-3
Let r = 8 + -6. Suppose r*k - 4 = 4. Let f(h) = 2*h - 2. What is f(k)?
6
Let c = 11 + -11. Let l(a) = 0*a + a - 5 + a**2 + 2. Determine l(c).
-3
Let u(f) be the third derivative of -f**5/60 - f**4/12 + f**3/2 + 2*f**2. Give u(-3).
0
Let p(b) be the first derivative of -b**3/3 - b**2/2 - 2*b - 1. Suppose 0 = 2*i - 4*s + 12, -3*s = 5*i - 9. Determine p(i).
-2
Let j = 47 + -45. Let f(y) = 2*y**2 - 3*y + 2. Give f(j).
4
Suppose -4*g + 8 = 0, 0 = -5*u + g - 0*g - 17. Let x(v) = -2*v**2 - 3*v + 4. What is x(u)?
-5
Let f(h) = -2*h**3 - h**2 - 2*h - 1. Let k = -73 + 72. Determine f(k).
2
Let z(m) be the second derivative of -m**6/36 + m**5/60 - m**4/24 - 5*m**3/6 - 4*m. Let t(l) be the second derivative of z(l). Calculate t(1).
-9
Let r(f) be the first derivative of f**3/3 - 7*f**2/2 - 6*f + 6. Let c be r(7). Let g(j) = j**2 + 5*j + 1. What is g(c)?
7
Let j be (-7)/(-7) + 6/(-2) + 4. Let b(c) = -c - 1. Determine b(j).
-3
Let p(d) = 4*d + d**3 - 20 - 4*d**2 + 38 - 23. Give p(4).
11
Let o(q) = q**2 + 3*q - 1. Let h(y) = -y**3 + 8*y**2 + 9*y - 3. Let z be ((-18)/(-4))/3*6. Let r be h(z). Give o(r).
-1
Suppose 0*l = -4*l + 32. Let t(i) = -l - i**3 - i + 5*i - i**2 - 4*i**2. Calculate t(-6).
4
Let s(r) = 5*r**2 + r + 8. Let t(k) = -14*k**2 - 3*k - 23. Let m(o) = 17*s(o) + 6*t(o). Calculate m(0).
-2
Let f(a) = 3*a + 7. Let y(g) = -g**3 + 5*g**2 + 4*g + 7. Suppose -5*v - 51 = -21. Let u be 4/1 + (-4 - v). Let i be y(u). Give f(i).
-8
Let c(r) = r**3 - 6*r**2 + 6*r + 5. Suppose 3*k + k - 20 = 0. Suppose k*a + j = 28, -3*a - a + j = -17. Give c(a).
10
Let i be (-4)/10 + (-66)/(-15). Suppose -d - i*d = 0. Let g(t) = t**3 + t**2 + t. Let x(o) = 3*o**3 + 4*o**2 + 4*o. Let a